{"id":6104,"date":"2016-11-02T14:02:17","date_gmt":"2016-11-02T12:02:17","guid":{"rendered":"http:\/\/www.eremos.eu\/?page_id=6104"},"modified":"2025-05-06T12:37:56","modified_gmt":"2025-05-06T10:37:56","slug":"commenti","status":"publish","type":"page","link":"https:\/\/eremos.eu\/index.php\/commenti\/","title":{"rendered":"Commenti"},"content":{"rendered":"<p>&nbsp;<\/p>\n<p>Autore:\u00a0 Prof. Gianluca Gorni ed Emma Cattarossi\u00a0 (Udine) \u00a0 <span style=\"color: #0000ff;\"><a style=\"color: #0000ff;\" href=\"mailto:gianluca.gorni@uniud.it\">gianluca.gorni@uniud.it<\/a><\/span><\/p>\n<p>Commento: <em>Buongiorno \u00a0Salvatore, complimenti per il grande lavoro di catalogazione! Abbiamo guardato ora la scheda del Friuli, e uno dei tre romitori non lo conoscevamo (Monte Castellano).<\/em><\/p>\n<p>&nbsp;<\/p>\n<p>Autore: Prof. Anna Esposito (Napoli) \u00a0 <span style=\"color: #0000ff;\">\u00a0<a style=\"color: #0000ff;\" href=\"mailto:anesposi@unina.it\">anesposi@unina.it<\/a><\/span><\/p>\n<p>Commento: <em>Caro Salvatore, mi accingo a gustare questo lavoro con estremo interesse e con sentimento di sincera\u00a0 gratitudine. Anna<\/em><\/p>\n<p>&nbsp;<\/p>\n<p>Autore: Dott. Paolo Cavanni (Verona)\u00a0 <span style=\"color: #0000ff;\"><a style=\"color: #0000ff;\" href=\"mailto:paolo.cavanni60@libero.it\">paolo.cavanni60@libero.it<\/a><\/span><\/p>\n<p style=\"text-align: justify;\">Commento: <em>Ciao Salvatore, grazie dei saluti e del link al tuo bellissimo sito! E&#8217; certamente ben gradito e devo farti grandissimi complimenti per questa straordinaria iniziativa! Spero avremo ancora occasione per continuare l&#8217;esplorazione di questi capolavori nascosti. Paolo<\/em><\/p>\n<p>&nbsp;<\/p>\n<p>Autore: Prof. Riccardo Vivani (Perugia) \u00a0 <span style=\"color: #0000ff;\"><a style=\"color: #0000ff;\" href=\"mailto:riccardo.vivani@unipg.it\">riccardo.vivani@unipg.it<\/a><\/span><\/p>\n<p style=\"text-align: justify;\">Commento: <em>Caro Odisseo, desidero\u00a0farle i miei complimenti per il bellissimo lavoro che ha fatto e che ha voluto condividere con tutti. Le vorrei chiedere se lo ha raccolto in una pubblicazione cartacea, libro od altro, che mi piacerebbe avere. Cordiali saluti, Riccardo Vivani<\/em><\/p>\n<p>&nbsp;<\/p>\n<p>Autore: Prof. Giuseppe Saponaro (La Sapienza, Roma) \u00a0\u00a0<span style=\"color: #0000ff;\"><a style=\"color: #0000ff;\" href=\"mailto:giuseppe.saponaro@fastwebnet.it\">giuseppe.saponaro@fastwebnet.it<\/a><\/span><\/p>\n<p style=\"text-align: justify;\">Commento: <em>Caro Salvatore, ho visitato il sito. Mi \u00e8 bastato dare un\u2019occhiata alla sezione del Lazio, per capire quanto lavoro e quanta \u00a0passione si nascondano dietro quelle immagini antropologiche pregne di simboli muti e di silenzi assordanti. Come per ogni altro prodotto culturale, quest\u2019opera richieder\u00e0 pi\u00f9 fatica al fruitore che al creatore\u2026\u2026 Giuseppe<\/em><\/p>\n<p>&nbsp;<\/p>\n<p>Autore: Roberto Caprara (Archeologo, Firenze)\u00a0 <span style=\"color: #0000ff;\"><a style=\"color: #0000ff;\" href=\"mailto:caprara@virgilio.it\">caprara@virgilio.it<\/a><\/span><\/p>\n<p style=\"text-align: justify;\">Commento: <em>Stimatissimi sigg. redattori di Eremos, chi vi scrive \u00e8 un ormai molto anziano archeologo che ha deciso di chiudere la sua carriera scientifica con un grosso volume sui Villaggi e siti rupestri in Italia. Come voi sapete benissimo, il fenomeno dell&#8217;insediamento rupestre riguarda l&#8217;Italia centrale e meridionale, di cui io, che sono considerato (dagli altri, non da me) uno dei massimi esperti europei ho buone conoscenze autoptiche che mi mancano invece per le regioni alpine e padane, dove il fenomeno \u00e8 per\u00f2 assai esiguo. Mi \u00e8 venuto in soccorso il vostro bel sito, dal quale io vorrei trascrivere integralmente, invece che riassumere, le vostre pregiate informazioni, cosa che le norme sul diritto d&#8217;autore mi interdicono senza vostra espressa autorizzazione che io vi chiedo, certo che la vostra sensibilit\u00e0 ed amore per la cultura me la conceder\u00e0. Ovviamente, il vostro testo vi sar\u00e0 attribuito col nome che mi indicherete. Vi ringrazio e cordialmente vi saluto, Roberto Caprara<\/em><\/p>\n<p>&nbsp;<\/p>\n<p>Autore: Paolo Borlenghi (Soragna, Parma)\u00a0 <span style=\"color: #0000ff;\"><a style=\"color: #0000ff;\" href=\"mailto:borlenghipaolo@gmail.com\">borlenghipaolo@gmail.com<\/a><\/span><\/p>\n<p style=\"text-align: justify;\">Commento: <em>Non sono un esperto di montagna o di eremi ma il suo lavoro incuriosisce molto e le faccio i complimenti. Ora che conosco il suo sito, se mi capiter\u00e0 ancora di visitare questi luoghi mi ricorder\u00f2 di fare foto e di documentarmi. Saluti, Paolo Borlenghi<\/em><\/p>\n<p>&nbsp;<\/p>\n<p>Autore: Paola Baldoni (Marche)\u00a0 <span style=\"color: #0000ff;\"><a style=\"color: #0000ff;\" href=\"mailto:giorgio@pasadena.it\">giorgio@pasadena.it<\/a><\/span><\/p>\n<p style=\"text-align: justify;\">Commento: <em>Ho visitato con profondo interesse e con vero piacere questo sito. Mi piacerebbe sapere se ne esiste anche una versione su carta stampata e se \u00e8 eventualmente acquistabile. Grazie per l&#8217;attenzione e complimenti per questo lavoro.<\/em><\/p>\n<p>&nbsp;<\/p>\n<p>Autore: Marco (Prato) <span style=\"color: #0000ff;\">\u00a0<a style=\"color: #0000ff;\" href=\"mailto:fa_mar@infinito.it\">fa_mar@infinito.it<\/a><\/span><\/p>\n<p style=\"text-align: justify;\">Commento: <em>Fonte di notizie preziosa ed interessante, ottimo lavoro. Una curiosit\u00e0 per la Toscana, che non \u00e8 certo una critica: nessun luogo in provincia di Pistoia e Prato, quest&#8217;ultima proprio la provincia dove vivo? Di nuovo complimenti e saluti.<\/em><\/p>\n<p>&nbsp;<\/p>\n<p>Autore: Maestro Armando Pierucci (Svizzera) \u00a0<span style=\"color: #0000ff;\"><a style=\"color: #0000ff;\" href=\"mailto:magnificatap@hotmail.com\">magnificatap@hotmail.com<\/a><\/span><\/p>\n<p><strong>\u00a0<\/strong>URL: <span style=\"color: #0000ff;\"><a style=\"color: #0000ff;\" href=\"http:\/\/lausplenafoundation.ch\">http:\/\/lausplenafoundation.ch<\/a><\/span><\/p>\n<p>Commento: <em>Un sito bellissimo, un lavoro meraviglioso che invita tutti a venerare e scoprire le nascoste radici che hanno nutrito e reso salda la fede di molte generazioni cristiane. Grazie.<\/em><\/p>\n<p>&nbsp;<\/p>\n<p>Autore: Maria Teresa Scarcella (Calabria) <span style=\"color: #0000ff;\">\u00a0<a style=\"color: #0000ff;\" href=\"mailto:scarcella.mariat@libero.it\">scarcella.mariat@libero.it<\/a><\/span><\/p>\n<p>Commento: <em>Salve, complimenti per il sito&#8230;potrei sapere per quanto riguarda i romitori calabresi su quale fonti vi siete basati per le datazioni? Grazie.<\/em><\/p>\n<p>&nbsp;<\/p>\n<p>Autore: Prof. Philippe Daverio (Storico dell&#8217;Arte, Statale di Milano)\u00a0 <span style=\"color: #0000ff;\">philippe.daverio@gmail.com<\/span><\/p>\n<p>Commento: <em>Raramente mi sono trovato davanti ad un&#8217;opera di cos\u00ec minuziosa, puntuale ed appassionata ricerca. Con vera stima, Philippe Daverio<\/em>.<\/p>\n<p>&nbsp;<\/p>\n<p>Autore: Prof. Giuseppe Verde (Universit\u00e0 di Palermo)\u00a0 <span style=\"color: #0000ff;\"><a style=\"color: #0000ff;\" href=\"mailto:verdegiuseppe1@inwind.it\">verdegiuseppe1@inwind.it<\/a><\/span><\/p>\n<p style=\"text-align: justify;\">Commento: <em>Ottimo e puntualissimo catalogo. Ho immagini e\u00a0notizie di altre chiese ipogeiche in Sicilia. Un Sant&#8217;Adriano a Burgio-Palazzo Adriano, \u00a0una chiesa a Sperlinga, un ipogeo con tracce di affreschi inedito a Agira, alcune grotte a Palermo lungo l&#8217;Oreto e una grotta (oratorio?) a Partanna TP.<\/em><\/p>\n<p>&nbsp;<\/p>\n<p>Autore: Barbla e Peter Fraefel \u00a0\u00a0<span style=\"color: #0000ff;\"><a style=\"color: #0000ff;\" href=\"mailto:fraefel@fraefelart.com\">fraefel@fraefelart.com<\/a><\/span><\/p>\n<p>URL: <span style=\"color: #0000ff;\"><a style=\"color: #0000ff;\" href=\"http:\/\/www.fraefelart.com\">http:\/\/www.fraefelart.com<\/a><\/span><\/p>\n<p>Commento: <em>Bellissimo!!! Sono gi\u00e0 molti anni che soggiorniamo nel Salernitano ma non ci baster\u00e0 mai per visitare tutto questo patrimonio. Fateci avere le vostre novit\u00e0! Grazie. Barbla e Peter<\/em><\/p>\n<p>&nbsp;<\/p>\n<p>Autore: Filippo Ciasullo (Poeta, Sannio)\u00a0 <span style=\"color: #0000ff;\"><a style=\"color: #0000ff;\" href=\"mailto:f.ciasullo@libero.it\">f.ciasullo@libero.it<\/a><\/span><\/p>\n<p>Commento: <em>Complimenti.<\/em><\/p>\n<p>&nbsp;<\/p>\n<p>Autore: Dott. Vita Giulia Manes (Esperta Beni Culturali, Venosa) \u00a0 \u00a0<span style=\"color: #0000ff;\">manesvg@hotmail.it<\/span><\/p>\n<p>Commento: <em>Complimenti!\u00a0<\/em><\/p>\n<p>&nbsp;<\/p>\n<p>Autore: Dott. Italo Robetti (ANCAI, Torino) \u00a0\u00a0<span style=\"color: #0000ff;\"> italo.robetti@alice.it<\/span><\/p>\n<p>Commento: <em>Molto interessante e bella iconografia.<\/em><\/p>\n<p>&nbsp;<\/p>\n<p>Autore: Aimee Starnes \u00a0 <span style=\"color: #0000ff;\">aimeestarnes@yahoo.com<\/span><\/p>\n<p>Commento: <em>Great website, exactly what I wanred to find.<\/em><\/p>\n<p>&nbsp;<\/p>\n<p>Autore: Om Sonagiri (Guru, India) \u00a0 <span style=\"color: #0000ff;\">omsonagiri@gmail.com<\/span><\/p>\n<p>Commento: <em>Carissimo, grazie mille per questo bellissimo e fantastico lavoro spirituale. E&#8217; un vero tesoro per tutti quelli che cercano un po&#8217; di luce e di energia positiva in questo mondo&#8230;&#8230; Ancora grazie e che l&#8217;Amore, la Pace e la Luce siano sempre con Te.<\/em><\/p>\n<p>&nbsp;<\/p>\n<p>Autore: Dr. Bruno Carboniero (Roma)\u00a0 \u00a0<span style=\"color: #0000ff;\">bicarboniero@yahoo.com<\/span><\/p>\n<p>Commento:\u00a0<em>Buongiorno.\u00a0Sono Bruno Carboniero e sono l&#8217;amministratore della pagina FB, In Medio Aevo<\/em> <span style=\"color: #0000ff;\"><a style=\"color: #0000ff;\" href=\"https:\/\/m.facebook.com\/InMedioAevo\/\">https:\/\/m.facebook.com\/InMedioAevo\/<\/a><\/span><\/p>\n<p><em>Vorrei utilizzare testi ed immagini del vostro interessantissimo e bellissimo sito per dei post\u00a0 corredandoli dell&#8217;attribuzione propriet\u00e0 e link della vostra pagina.\u00a0<\/em><em>Devo dire che su FB la &#8220;qualit\u00e0&#8221; non paga (in termini di riscontri) cionondimeno riteniamo sia utile ad aiutare una divulgazione pi\u00f9 corretta ed educante.\u00a0<\/em><em>In attesa di un vostro riscontro (ed eventuali ulteriori dettagli) vi porgo distinti saluti e nuovamente complimenti per l&#8217;incredibile e minuzioso lavoro che avete svolto.<\/em><\/p>\n<p>&nbsp;<\/p>\n<p>&nbsp;<\/p>\n<p>&nbsp;<\/p>\n<p>&nbsp;<\/p>\n<p>&nbsp;<\/p>\n<p>&nbsp;<\/p>\n<p>&nbsp;<\/p>\n<p>&nbsp;<\/p>\n","protected":false},"excerpt":{"rendered":"<p>&nbsp; Autore:\u00a0 Prof. Gianluca Gorni ed Emma Cattarossi\u00a0 (Udine) \u00a0 gianluca.gorni@uniud.it Commento: Buongiorno \u00a0Salvatore, complimenti per il grande lavoro di catalogazione! Abbiamo guardato ora la scheda del Friuli, e uno dei tre romitori non lo conoscevamo (Monte Castellano). &nbsp; Autore: Prof. Anna Esposito (Napoli) \u00a0 \u00a0anesposi@unina.it Commento: Caro Salvatore, mi&#8230;<\/p>\n","protected":false},"author":1,"featured_media":0,"parent":0,"menu_order":0,"comment_status":"closed","ping_status":"closed","template":"","meta":{"footnotes":""},"class_list":["post-6104","page","type-page","status-publish","hentry"],"_links":{"self":[{"href":"https:\/\/eremos.eu\/index.php\/wp-json\/wp\/v2\/pages\/6104","targetHints":{"allow":["GET"]}}],"collection":[{"href":"https:\/\/eremos.eu\/index.php\/wp-json\/wp\/v2\/pages"}],"about":[{"href":"https:\/\/eremos.eu\/index.php\/wp-json\/wp\/v2\/types\/page"}],"author":[{"embeddable":true,"href":"https:\/\/eremos.eu\/index.php\/wp-json\/wp\/v2\/users\/1"}],"replies":[{"embeddable":true,"href":"https:\/\/eremos.eu\/index.php\/wp-json\/wp\/v2\/comments?post=6104"}],"version-history":[{"count":5,"href":"https:\/\/eremos.eu\/index.php\/wp-json\/wp\/v2\/pages\/6104\/revisions"}],"predecessor-version":[{"id":6255,"href":"https:\/\/eremos.eu\/index.php\/wp-json\/wp\/v2\/pages\/6104\/revisions\/6255"}],"wp:attachment":[{"href":"https:\/\/eremos.eu\/index.php\/wp-json\/wp\/v2\/media?parent=6104"}],"curies":[{"name":"wp","href":"https:\/\/api.w.org\/{rel}","templated":true}]}}

<p>&nbsp;</p>
<p>Autore:  Prof. Gianluca Gorni ed Emma Cattarossi  (Udine)   <span style="color: #0000ff;"><a style="color: #0000ff;" href="mailto:gianluca.gorni@uniud.it">gianluca.gorni@uniud.it</a></span></p>
<p>Commento: <em>Buongiorno  Salvatore, complimenti per il grande lavoro di catalogazione! Abbiamo guardato ora la scheda del Friuli, e uno dei tre romitori non lo conoscevamo (Monte Castellano).</em></p>
<p>&nbsp;</p>
<p>Autore: Prof. Anna Esposito (Napoli)   <span style="color: #0000ff;"> <a style="color: #0000ff;" href="mailto:anesposi@unina.it">anesposi@unina.it</a></span></p>
<p>Commento: <em>Caro Salvatore, mi accingo a gustare questo lavoro con estremo interesse e con sentimento di sincera  gratitudine. Anna</em></p>
<p>&nbsp;</p>
<p>Autore: Dott. Paolo Cavanni (Verona)  <span style="color: #0000ff;"><a style="color: #0000ff;" href="mailto:paolo.cavanni60@libero.it">paolo.cavanni60@libero.it</a></span></p>
<p style="text-align: justify;">Commento: <em>Ciao Salvatore, grazie dei saluti e del link al tuo bellissimo sito! E&#8217; certamente ben gradito e devo farti grandissimi complimenti per questa straordinaria iniziativa! Spero avremo ancora occasione per continuare l&#8217;esplorazione di questi capolavori nascosti. Paolo</em></p>
<p>&nbsp;</p>
<p>Autore: Prof. Riccardo Vivani (Perugia)   <span style="color: #0000ff;"><a style="color: #0000ff;" href="mailto:riccardo.vivani@unipg.it">riccardo.vivani@unipg.it</a></span></p>
<p style="text-align: justify;">Commento: <em>Caro Odisseo, desidero farle i miei complimenti per il bellissimo lavoro che ha fatto e che ha voluto condividere con tutti. Le vorrei chiedere se lo ha raccolto in una pubblicazione cartacea, libro od altro, che mi piacerebbe avere. Cordiali saluti, Riccardo Vivani</em></p>
<p>&nbsp;</p>
<p>Autore: Prof. Giuseppe Saponaro (La Sapienza, Roma)   <span style="color: #0000ff;"><a style="color: #0000ff;" href="mailto:giuseppe.saponaro@fastwebnet.it">giuseppe.saponaro@fastwebnet.it</a></span></p>
<p style="text-align: justify;">Commento: <em>Caro Salvatore, ho visitato il sito. Mi è bastato dare un’occhiata alla sezione del Lazio, per capire quanto lavoro e quanta  passione si nascondano dietro quelle immagini antropologiche pregne di simboli muti e di silenzi assordanti. Come per ogni altro prodotto culturale, quest’opera richiederà più fatica al fruitore che al creatore…… Giuseppe</em></p>
<p>&nbsp;</p>
<p>Autore: Roberto Caprara (Archeologo, Firenze)  <span style="color: #0000ff;"><a style="color: #0000ff;" href="mailto:caprara@virgilio.it">caprara@virgilio.it</a></span></p>
<p style="text-align: justify;">Commento: <em>Stimatissimi sigg. redattori di Eremos, chi vi scrive è un ormai molto anziano archeologo che ha deciso di chiudere la sua carriera scientifica con un grosso volume sui Villaggi e siti rupestri in Italia. Come voi sapete benissimo, il fenomeno dell&#8217;insediamento rupestre riguarda l&#8217;Italia centrale e meridionale, di cui io, che sono considerato (dagli altri, non da me) uno dei massimi esperti europei ho buone conoscenze autoptiche che mi mancano invece per le regioni alpine e padane, dove il fenomeno è però assai esiguo. Mi è venuto in soccorso il vostro bel sito, dal quale io vorrei trascrivere integralmente, invece che riassumere, le vostre pregiate informazioni, cosa che le norme sul diritto d&#8217;autore mi interdicono senza vostra espressa autorizzazione che io vi chiedo, certo che la vostra sensibilità ed amore per la cultura me la concederà. Ovviamente, il vostro testo vi sarà attribuito col nome che mi indicherete. Vi ringrazio e cordialmente vi saluto, Roberto Caprara</em></p>
<p>&nbsp;</p>
<p>Autore: Paolo Borlenghi (Soragna, Parma)  <span style="color: #0000ff;"><a style="color: #0000ff;" href="mailto:borlenghipaolo@gmail.com">borlenghipaolo@gmail.com</a></span></p>
<p style="text-align: justify;">Commento: <em>Non sono un esperto di montagna o di eremi ma il suo lavoro incuriosisce molto e le faccio i complimenti. Ora che conosco il suo sito, se mi capiterà ancora di visitare questi luoghi mi ricorderò di fare foto e di documentarmi. Saluti, Paolo Borlenghi</em></p>
<p>&nbsp;</p>
<p>Autore: Paola Baldoni (Marche)  <span style="color: #0000ff;"><a style="color: #0000ff;" href="mailto:giorgio@pasadena.it">giorgio@pasadena.it</a></span></p>
<p style="text-align: justify;">Commento: <em>Ho visitato con profondo interesse e con vero piacere questo sito. Mi piacerebbe sapere se ne esiste anche una versione su carta stampata e se è eventualmente acquistabile. Grazie per l&#8217;attenzione e complimenti per questo lavoro.</em></p>
<p>&nbsp;</p>
<p>Autore: Marco (Prato) <span style="color: #0000ff;"> <a style="color: #0000ff;" href="mailto:fa_mar@infinito.it">fa_mar@infinito.it</a></span></p>
<p style="text-align: justify;">Commento: <em>Fonte di notizie preziosa ed interessante, ottimo lavoro. Una curiosità per la Toscana, che non è certo una critica: nessun luogo in provincia di Pistoia e Prato, quest&#8217;ultima proprio la provincia dove vivo? Di nuovo complimenti e saluti.</em></p>
<p>&nbsp;</p>
<p>Autore: Maestro Armando Pierucci (Svizzera)  <span style="color: #0000ff;"><a style="color: #0000ff;" href="mailto:magnificatap@hotmail.com">magnificatap@hotmail.com</a></span></p>
<p><strong> </strong>URL: <span style="color: #0000ff;"><a style="color: #0000ff;" href="http://lausplenafoundation.ch">http://lausplenafoundation.ch</a></span></p>
<p>Commento: <em>Un sito bellissimo, un lavoro meraviglioso che invita tutti a venerare e scoprire le nascoste radici che hanno nutrito e reso salda la fede di molte generazioni cristiane. Grazie.</em></p>
<p>&nbsp;</p>
<p>Autore: Maria Teresa Scarcella (Calabria) <span style="color: #0000ff;"> <a style="color: #0000ff;" href="mailto:scarcella.mariat@libero.it">scarcella.mariat@libero.it</a></span></p>
<p>Commento: <em>Salve, complimenti per il sito&#8230;potrei sapere per quanto riguarda i romitori calabresi su quale fonti vi siete basati per le datazioni? Grazie.</em></p>
<p>&nbsp;</p>
<p>Autore: Prof. Philippe Daverio (Storico dell&#8217;Arte, Statale di Milano)  <span style="color: #0000ff;">philippe.daverio@gmail.com</span></p>
<p>Commento: <em>Raramente mi sono trovato davanti ad un&#8217;opera di così minuziosa, puntuale ed appassionata ricerca. Con vera stima, Philippe Daverio</em>.</p>
<p>&nbsp;</p>
<p>Autore: Prof. Giuseppe Verde (Università di Palermo)  <span style="color: #0000ff;"><a style="color: #0000ff;" href="mailto:verdegiuseppe1@inwind.it">verdegiuseppe1@inwind.it</a></span></p>
<p style="text-align: justify;">Commento: <em>Ottimo e puntualissimo catalogo. Ho immagini e notizie di altre chiese ipogeiche in Sicilia. Un Sant&#8217;Adriano a Burgio-Palazzo Adriano,  una chiesa a Sperlinga, un ipogeo con tracce di affreschi inedito a Agira, alcune grotte a Palermo lungo l&#8217;Oreto e una grotta (oratorio?) a Partanna TP.</em></p>
<p>&nbsp;</p>
<p>Autore: Barbla e Peter Fraefel   <span style="color: #0000ff;"><a style="color: #0000ff;" href="mailto:fraefel@fraefelart.com">fraefel@fraefelart.com</a></span></p>
<p>URL: <span style="color: #0000ff;"><a style="color: #0000ff;" href="http://www.fraefelart.com">http://www.fraefelart.com</a></span></p>
<p>Commento: <em>Bellissimo!!! Sono già molti anni che soggiorniamo nel Salernitano ma non ci basterà mai per visitare tutto questo patrimonio. Fateci avere le vostre novità! Grazie. Barbla e Peter</em></p>
<p>&nbsp;</p>
<p>Autore: Filippo Ciasullo (Poeta, Sannio)  <span style="color: #0000ff;"><a style="color: #0000ff;" href="mailto:f.ciasullo@libero.it">f.ciasullo@libero.it</a></span></p>
<p>Commento: <em>Complimenti.</em></p>
<p>&nbsp;</p>
<p>Autore: Dott. Vita Giulia Manes (Esperta Beni Culturali, Venosa)    <span style="color: #0000ff;">manesvg@hotmail.it</span></p>
<p>Commento: <em>Complimenti! </em></p>
<p>&nbsp;</p>
<p>Autore: Dott. Italo Robetti (ANCAI, Torino)   <span style="color: #0000ff;"> italo.robetti@alice.it</span></p>
<p>Commento: <em>Molto interessante e bella iconografia.</em></p>
<p>&nbsp;</p>
<p>Autore: Aimee Starnes   <span style="color: #0000ff;">aimeestarnes@yahoo.com</span></p>
<p>Commento: <em>Great website, exactly what I wanred to find.</em></p>
<p>&nbsp;</p>
<p>Autore: Om Sonagiri (Guru, India)   <span style="color: #0000ff;">omsonagiri@gmail.com</span></p>
<p>Commento: <em>Carissimo, grazie mille per questo bellissimo e fantastico lavoro spirituale. E&#8217; un vero tesoro per tutti quelli che cercano un po&#8217; di luce e di energia positiva in questo mondo&#8230;&#8230; Ancora grazie e che l&#8217;Amore, la Pace e la Luce siano sempre con Te.</em></p>
<p>&nbsp;</p>
<p>Autore: Dr. Bruno Carboniero (Roma)   <span style="color: #0000ff;">bicarboniero@yahoo.com</span></p>
<p>Commento: <em>Buongiorno. Sono Bruno Carboniero e sono l&#8217;amministratore della pagina FB, In Medio Aevo</em> <span style="color: #0000ff;"><a style="color: #0000ff;" href="https://m.facebook.com/InMedioAevo/">https://m.facebook.com/InMedioAevo/</a></span></p>
<p><em>Vorrei utilizzare testi ed immagini del vostro interessantissimo e bellissimo sito per dei post  corredandoli dell&#8217;attribuzione proprietà e link della vostra pagina. </em><em>Devo dire che su FB la &#8220;qualità&#8221; non paga (in termini di riscontri) cionondimeno riteniamo sia utile ad aiutare una divulgazione più corretta ed educante. </em><em>In attesa di un vostro riscontro (ed eventuali ulteriori dettagli) vi porgo distinti saluti e nuovamente complimenti per l&#8217;incredibile e minuzioso lavoro che avete svolto.</em></p>
<p>&nbsp;</p>
<p>&nbsp;</p>
<p>&nbsp;</p>
<p>&nbsp;</p>
<p>&nbsp;</p>
<p>&nbsp;</p>
<p>&nbsp;</p>
<p>&nbsp;</p>
